{"id":1923,"date":"2023-01-15T16:12:37","date_gmt":"2023-01-15T15:12:37","guid":{"rendered":"http:\/\/web-peda-iutb.univ-lille.fr\/~jpo\/?page_id=1923"},"modified":"2024-01-30T15:10:36","modified_gmt":"2024-01-30T14:10:36","slug":"portrait-xavier-verite","status":"publish","type":"page","link":"http:\/\/web-peda-iutb.univ-lille.fr\/~jpo\/index.php\/portrait-xavier-verite\/","title":{"rendered":"Portrait de Xavier V\u00e9rit\u00e9"},"content":{"rendered":"\t\t<div data-elementor-type=\"wp-post\" data-elementor-id=\"1923\" class=\"elementor elementor-1923\">\n\t\t\t\t\t\t<section class=\"elementor-section elementor-top-section elementor-element elementor-element-6631910 elementor-section-boxed elementor-section-height-default elementor-section-height-default wpr-particle-no wpr-jarallax-no wpr-parallax-no wpr-sticky-section-no\" data-id=\"6631910\" data-element_type=\"section\" data-e-type=\"section\">\n\t\t\t\t\t\t<div class=\"elementor-container elementor-column-gap-default\">\n\t\t\t\t\t<div class=\"elementor-column elementor-col-100 elementor-top-column elementor-element elementor-element-c6cad8a\" data-id=\"c6cad8a\" data-element_type=\"column\" data-e-type=\"column\">\n\t\t\t<div class=\"elementor-widget-wrap elementor-element-populated\">\n\t\t\t\t\t\t<section class=\"elementor-section elementor-inner-section elementor-element elementor-element-80ecec1 elementor-section-boxed elementor-section-height-default elementor-section-height-default wpr-particle-no wpr-jarallax-no wpr-parallax-no wpr-sticky-section-no\" data-id=\"80ecec1\" data-element_type=\"section\" data-e-type=\"section\">\n\t\t\t\t\t\t<div class=\"elementor-container elementor-column-gap-default\">\n\t\t\t\t\t<div class=\"elementor-column elementor-col-50 elementor-inner-column elementor-element elementor-element-2fe3dcd\" data-id=\"2fe3dcd\" data-element_type=\"column\" data-e-type=\"column\">\n\t\t\t<div class=\"elementor-widget-wrap elementor-element-populated\">\n\t\t\t\t\t\t<div class=\"elementor-element elementor-element-08da94f elementor-widget elementor-widget-image\" data-id=\"08da94f\" data-element_type=\"widget\" data-e-type=\"widget\" data-widget_type=\"image.default\">\n\t\t\t\t<div class=\"elementor-widget-container\">\n\t\t\t\t\t\t\t\t\t\t\t\t\t\t\t<img fetchpriority=\"high\" decoding=\"async\" width=\"500\" height=\"500\" src=\"http:\/\/web-peda-iutb.univ-lille.fr\/~jpo\/wp-content\/uploads\/2023\/01\/portraits04.jpg\" class=\"attachment-full size-full wp-image-1516\" alt=\"\" srcset=\"http:\/\/web-peda-iutb.univ-lille.fr\/~jpo\/wp-content\/uploads\/2023\/01\/portraits04.jpg 500w, http:\/\/web-peda-iutb.univ-lille.fr\/~jpo\/wp-content\/uploads\/2023\/01\/portraits04-300x300.jpg 300w, http:\/\/web-peda-iutb.univ-lille.fr\/~jpo\/wp-content\/uploads\/2023\/01\/portraits04-150x150.jpg 150w\" sizes=\"(max-width: 500px) 100vw, 500px\" style=\"width:100%;height:100%;max-width:500px\" \/>\t\t\t\t\t\t\t\t\t\t\t\t\t\t\t<\/div>\n\t\t\t\t<\/div>\n\t\t\t\t\t<\/div>\n\t\t<\/div>\n\t\t\t\t<div class=\"elementor-column elementor-col-50 elementor-inner-column elementor-element elementor-element-e157af6\" data-id=\"e157af6\" data-element_type=\"column\" data-e-type=\"column\">\n\t\t\t<div class=\"elementor-widget-wrap elementor-element-populated\">\n\t\t\t\t\t\t<div class=\"elementor-element elementor-element-7e58935 elementor-widget elementor-widget-heading\" data-id=\"7e58935\" data-element_type=\"widget\" data-e-type=\"widget\" data-widget_type=\"heading.default\">\n\t\t\t\t<div class=\"elementor-widget-container\">\n\t\t\t\t\t<h2 class=\"elementor-heading-title elementor-size-default\">La V\u00e9rit\u00e9 sur Xavier, Directeur \u00c9v\u00e9nementiel<br><\/h2>\t\t\t\t<\/div>\n\t\t\t\t<\/div>\n\t\t\t\t<div class=\"elementor-element elementor-element-903c576 elementor-widget elementor-widget-text-editor\" data-id=\"903c576\" data-element_type=\"widget\" data-e-type=\"widget\" data-widget_type=\"text-editor.default\">\n\t\t\t\t<div class=\"elementor-widget-container\">\n\t\t\t\t\t\t\t\t\t<p><span style=\"font-size: 16px; color: var( --e-global-color-text );\">Apr\u00e8s plus de dix ans de bons et loyaux services en tant que directeur \u00e9v\u00e9nementiel \u00e0 la mairie de Tourcoing, Xavier V\u00e9rit\u00e9 se lance dans un nouvelle aventure \u00e0 la mairie de Marquette-Lez-Lille.<\/span><\/p>\t\t\t\t\t\t\t\t<\/div>\n\t\t\t\t<\/div>\n\t\t\t\t<div class=\"elementor-element elementor-element-bfecdbd elementor-widget-divider--view-line elementor-widget elementor-widget-divider\" data-id=\"bfecdbd\" data-element_type=\"widget\" data-e-type=\"widget\" data-widget_type=\"divider.default\">\n\t\t\t\t<div class=\"elementor-widget-container\">\n\t\t\t\t\t\t\t<div class=\"elementor-divider\">\n\t\t\t<span class=\"elementor-divider-separator\">\n\t\t\t\t\t\t<\/span>\n\t\t<\/div>\n\t\t\t\t\t\t<\/div>\n\t\t\t\t<\/div>\n\t\t\t\t\t<\/div>\n\t\t<\/div>\n\t\t\t\t\t<\/div>\n\t\t<\/section>\n\t\t\t\t<div class=\"elementor-element elementor-element-ad443de elementor-widget elementor-widget-text-editor\" data-id=\"ad443de\" data-element_type=\"widget\" data-e-type=\"widget\" data-widget_type=\"text-editor.default\">\n\t\t\t\t<div class=\"elementor-widget-container\">\n\t\t\t\t\t\t\t\t\t<p><span style=\"font-size: 18px; color: var( --e-global-color-text );\">La rencontre avec Xavier V\u00e9rit\u00e9 s&rsquo;est faite un mardi, \u00e0 neuf heures pr\u00e9cise. Il vient d&rsquo;investir sa nouvelle fonction de directeur \u00e9v\u00e9nementiel pour la ville de Marquette-Lez-Lille et semble d\u00e9bord\u00e9. C&rsquo;est avec un caf\u00e9 \u00e0 la main que Xavier a bien voulu r\u00e9pondre \u00e0 certaines questions. L&rsquo;entretien sera interrompu plusieurs fois par des appels importants ou des personnes entrant dans son bureau. \u00ab\u00a0On est dans l&rsquo;attribution des subventions pour la ville de Marquette, je dois rencontrer une paire d&rsquo;associations, j&rsquo;ai un planning charg\u00e9\u00a0\u00bb.&nbsp;<\/span><span style=\"color: var( --e-global-color-text ); font-size: 18px;\">&nbsp;<\/span><\/p>\t\t\t\t\t\t\t\t<\/div>\n\t\t\t\t<\/div>\n\t\t\t\t<div class=\"elementor-element elementor-element-022a1f2 elementor-widget elementor-widget-spacer\" data-id=\"022a1f2\" data-element_type=\"widget\" data-e-type=\"widget\" data-widget_type=\"spacer.default\">\n\t\t\t\t<div class=\"elementor-widget-container\">\n\t\t\t\t\t\t\t<div class=\"elementor-spacer\">\n\t\t\t<div class=\"elementor-spacer-inner\"><\/div>\n\t\t<\/div>\n\t\t\t\t\t\t<\/div>\n\t\t\t\t<\/div>\n\t\t\t\t<div class=\"elementor-element elementor-element-79e9117 elementor-widget elementor-widget-heading\" data-id=\"79e9117\" data-element_type=\"widget\" data-e-type=\"widget\" data-widget_type=\"heading.default\">\n\t\t\t\t<div class=\"elementor-widget-container\">\n\t\t\t\t\t<h4 class=\"elementor-heading-title elementor-size-default\">Une nouvelle opportunit\u00e9<\/h4>\t\t\t\t<\/div>\n\t\t\t\t<\/div>\n\t\t\t\t<div class=\"elementor-element elementor-element-ea66c5d elementor-widget elementor-widget-text-editor\" data-id=\"ea66c5d\" data-element_type=\"widget\" data-e-type=\"widget\" data-widget_type=\"text-editor.default\">\n\t\t\t\t<div class=\"elementor-widget-container\">\n\t\t\t\t\t\t\t\t\t<p>Tout juste install\u00e9 \u00e0 son nouveau poste de travail, Xavier revient sur ses exp\u00e9riences pass\u00e9es.\u00a0<span style=\"color: var( --e-global-color-text );\">Sortant d\u2019un bac ES, il int\u00e8gre l\u2019IUT pour un DUT information-communication en 1996. Son premier travail dans le monde professionnel en tant que charg\u00e9 de communication et de projets culturels \u00e0 la mairie de Faches-Thumesnil lui a permis de mettre en pratique les enseignements du DUT : relations presses, relations publiques, graphisme, r\u00e9alisation de documents de communication divers et la mise en place d\u2019outils num\u00e9riques.\u00a0Selon lui, le DUT lui a permis d\u2019\u00eatre embauch\u00e9 \u00e0 ce poste.<\/span><\/p><p><span style=\"color: var( --e-global-color-text );\">\u00a0<\/span><\/p><p>Dix ans apr\u00e8s, il prend place \u00e0 la ville de Tourcoing o\u00f9 il passe les ann\u00e9es les plus intenses de sa vie. Chaque ann\u00e9e, il organise de A \u00e0 Z une centaine d&rsquo;\u00e9v\u00e9nements dont Tourcoing Plage, celui qu\u2019il pr\u00e9f\u00e8re et d\u00e9teste \u00e0 la fois, bien qu\u2019il avoue que ce soit un \u201clieu de vie absolument incroyable \u00e0 tous les niveaux\u201d. Aujourd\u2019hui et ce depuis quelques semaines, il occupe le poste de directeur \u00e9v\u00e9nementiel, sport et vie associative \u00e0 la Ville de Marquette-Lez-Lille: \u201cJ\u2019ai fait treize ans, presque quatorze ans \u00e0 Tourcoing, j\u2019avais fait le tour de la question et j\u2019avais envie d\u2019autres champs de comp\u00e9tence. Un des avantages de la fonction publique est que l\u2019on peut changer de m\u00e9tier ou de champs de comp\u00e9tence assez facilement.\u201d Cette nouvelle opportunit\u00e9 est l\u2019occasion pour lui de retrouver le c\u00f4t\u00e9 humain qu\u2019il appr\u00e9cie tant dans un territoire plus petit. Pr\u00eat pour cette nouvelle aventure, il avoue tout de m\u00eame devoir \u201cmettre les mains dans le cambouis\u201d concernant la th\u00e9matique des sports qui reste inconnue pour lui.<\/p>\t\t\t\t\t\t\t\t<\/div>\n\t\t\t\t<\/div>\n\t\t\t\t<div class=\"elementor-element elementor-element-0a70c19 elementor-widget elementor-widget-text-editor\" data-id=\"0a70c19\" data-element_type=\"widget\" data-e-type=\"widget\" data-widget_type=\"text-editor.default\">\n\t\t\t\t<div class=\"elementor-widget-container\">\n\t\t\t\t\t\t\t\t\t<p>\u00ab\u00a0Il y a pire comme destin que de travailler dans le culturel, l&rsquo;\u00e9v\u00e9nementiel ou sur le fait d&rsquo;animer un territoire\u00a0\u00bb.<\/p>\t\t\t\t\t\t\t\t<\/div>\n\t\t\t\t<\/div>\n\t\t\t\t<div class=\"elementor-element elementor-element-2e276d7 elementor-widget elementor-widget-heading\" data-id=\"2e276d7\" data-element_type=\"widget\" data-e-type=\"widget\" data-widget_type=\"heading.default\">\n\t\t\t\t<div class=\"elementor-widget-container\">\n\t\t\t\t\t<h4 class=\"elementor-heading-title elementor-size-default\">Sa devise : mettre l'humain au centre<\/h4>\t\t\t\t<\/div>\n\t\t\t\t<\/div>\n\t\t\t\t<div class=\"elementor-element elementor-element-d595302 elementor-widget elementor-widget-text-editor\" data-id=\"d595302\" data-element_type=\"widget\" data-e-type=\"widget\" data-widget_type=\"text-editor.default\">\n\t\t\t\t<div class=\"elementor-widget-container\">\n\t\t\t\t\t\t\t\t\t<p>Avant tout, travailler dans l\u2019e\u0301ve\u0301nementiel c\u2019est travailler avec l\u2019humain. Pour Xavier, son ro\u0302le est de \u201cfe\u0301de\u0301rer des moyens et des personnes autour d\u2019un me\u0302me projet et les emmener la\u0300 ou\u0300 ils n\u2019auraient pas force\u0301ment songe\u0301 a\u0300 e\u0302tre emmene\u0301\u201d car \u201csi on n&rsquo;arrive pas a\u0300 embarquer l\u2019humain au sens large du terme, rien n\u2019a de sens\u201d. Cet aspect est tre\u0300s symptomatique du me\u0301tier, le fait d\u2019investir l\u2019espace public pour rassembler des gens autour d&rsquo;un moment culturel ou festif.<\/p><p>\u00a0<\/p><p>Malgre\u0301 son emploi du temps charge\u0301, Xavier investit beaucoup de son temps dans le domaine associatif et la culture. En effet, depuis trente ans, il occupe le poste de tre\u0301sorier d\u2019une association qui produit des courts me\u0301trages appele\u0301e \u201cMon film, ma bataille\u201d.<\/p><p>\u00a0<\/p><p>Secre\u0301taire d\u2019une seconde association qui enregistre des groupes et fait des projets de production nomme\u0301e Studio Ka, le nouveau directeur e\u0301ve\u0301nementiel de Marquette-lez-Lille permet un acce\u0300s aux activite\u0301s culturelles de par son engagement.<\/p><p>Musicien, papa et adepte de culture, il met en e\u0301vidence son besoin de s\u2019accorder du temps personnel avec un me\u0301tier aussi prenant. Selon lui, il faut \u201cme\u0301nager la che\u0300vre et le chou\u201d pour vivre sereinement en se\u0301parant ainsi vie personnelle et professionnelle.<\/p>\t\t\t\t\t\t\t\t<\/div>\n\t\t\t\t<\/div>\n\t\t\t\t<div class=\"elementor-element elementor-element-5a81c7a elementor-widget elementor-widget-spacer\" data-id=\"5a81c7a\" data-element_type=\"widget\" data-e-type=\"widget\" data-widget_type=\"spacer.default\">\n\t\t\t\t<div class=\"elementor-widget-container\">\n\t\t\t\t\t\t\t<div class=\"elementor-spacer\">\n\t\t\t<div class=\"elementor-spacer-inner\"><\/div>\n\t\t<\/div>\n\t\t\t\t\t\t<\/div>\n\t\t\t\t<\/div>\n\t\t\t\t<div class=\"elementor-element elementor-element-adfc011 elementor-widget elementor-widget-image\" data-id=\"adfc011\" data-element_type=\"widget\" data-e-type=\"widget\" data-widget_type=\"image.default\">\n\t\t\t\t<div class=\"elementor-widget-container\">\n\t\t\t\t\t\t\t\t\t\t\t\t\t\t\t<img decoding=\"async\" width=\"750\" height=\"354\" src=\"http:\/\/web-peda-iutb.univ-lille.fr\/~jpo\/wp-content\/uploads\/2023\/01\/Screenshot-2023-01-11-at-17.37.24-768x363.png\" class=\"attachment-medium_large size-medium_large wp-image-1469\" alt=\"\" srcset=\"http:\/\/web-peda-iutb.univ-lille.fr\/~jpo\/wp-content\/uploads\/2023\/01\/Screenshot-2023-01-11-at-17.37.24-768x363.png 768w, http:\/\/web-peda-iutb.univ-lille.fr\/~jpo\/wp-content\/uploads\/2023\/01\/Screenshot-2023-01-11-at-17.37.24-300x142.png 300w, http:\/\/web-peda-iutb.univ-lille.fr\/~jpo\/wp-content\/uploads\/2023\/01\/Screenshot-2023-01-11-at-17.37.24.png 1006w\" sizes=\"(max-width: 750px) 100vw, 750px\" style=\"width:100%;height:47.32%;max-width:1006px\" \/>\t\t\t\t\t\t\t\t\t\t\t\t\t\t\t<\/div>\n\t\t\t\t<\/div>\n\t\t\t\t<div class=\"elementor-element elementor-element-adb0150 elementor-widget elementor-widget-spacer\" data-id=\"adb0150\" data-element_type=\"widget\" data-e-type=\"widget\" data-widget_type=\"spacer.default\">\n\t\t\t\t<div class=\"elementor-widget-container\">\n\t\t\t\t\t\t\t<div class=\"elementor-spacer\">\n\t\t\t<div class=\"elementor-spacer-inner\"><\/div>\n\t\t<\/div>\n\t\t\t\t\t\t<\/div>\n\t\t\t\t<\/div>\n\t\t\t\t<div class=\"elementor-element elementor-element-ce1a02f elementor-widget-divider--view-line elementor-widget elementor-widget-divider\" data-id=\"ce1a02f\" data-element_type=\"widget\" data-e-type=\"widget\" data-widget_type=\"divider.default\">\n\t\t\t\t<div class=\"elementor-widget-container\">\n\t\t\t\t\t\t\t<div class=\"elementor-divider\">\n\t\t\t<span class=\"elementor-divider-separator\">\n\t\t\t\t\t\t<\/span>\n\t\t<\/div>\n\t\t\t\t\t\t<\/div>\n\t\t\t\t<\/div>\n\t\t\t\t<div class=\"elementor-element elementor-element-0f0fce0 elementor-widget elementor-widget-heading\" data-id=\"0f0fce0\" data-element_type=\"widget\" data-e-type=\"widget\" data-widget_type=\"heading.default\">\n\t\t\t\t<div class=\"elementor-widget-container\">\n\t\t\t\t\t<h2 class=\"elementor-heading-title elementor-size-default\">MARQUETTE-LEZ-LILLE, VILLE DE GRANDS PROJETS<\/h2>\t\t\t\t<\/div>\n\t\t\t\t<\/div>\n\t\t\t\t<div class=\"elementor-element elementor-element-5e5697e elementor-widget elementor-widget-text-editor\" data-id=\"5e5697e\" data-element_type=\"widget\" data-e-type=\"widget\" data-widget_type=\"text-editor.default\">\n\t\t\t\t<div class=\"elementor-widget-container\">\n\t\t\t\t\t\t\t\t\t<p>Situ\u00e9e \u00e0 cinq kilom\u00e8tres au nord de Lille, la commune de Marquette-lez-Lille se redessine et \u00e9volue en permanence en faisant ressortir son pass\u00e9 riche d\u2019histoire et de culture. P\u00f4le arch\u00e9ologique, ch\u00e2teaux de l\u2019industrie, centre culturel, ces diff\u00e9rents projets ont originellement une dimension politique, car cr\u00e9\u00e9 par les \u00e9lus avant d&rsquo;\u00eatre d\u00e9clin\u00e9s en actions par les agents de la Ville.<\/p>\t\t\t\t\t\t\t\t<\/div>\n\t\t\t\t<\/div>\n\t\t\t\t<div class=\"elementor-element elementor-element-279d55b elementor-widget-divider--view-line elementor-widget elementor-widget-divider\" data-id=\"279d55b\" data-element_type=\"widget\" data-e-type=\"widget\" data-widget_type=\"divider.default\">\n\t\t\t\t<div class=\"elementor-widget-container\">\n\t\t\t\t\t\t\t<div class=\"elementor-divider\">\n\t\t\t<span class=\"elementor-divider-separator\">\n\t\t\t\t\t\t<\/span>\n\t\t<\/div>\n\t\t\t\t\t\t<\/div>\n\t\t\t\t<\/div>\n\t\t\t\t<div class=\"elementor-element elementor-element-742eeb4 elementor-widget elementor-widget-button\" data-id=\"742eeb4\" data-element_type=\"widget\" data-e-type=\"widget\" data-widget_type=\"button.default\">\n\t\t\t\t<div class=\"elementor-widget-container\">\n\t\t\t\t\t\t\t\t\t<div class=\"elementor-button-wrapper\">\n\t\t\t\t\t<a class=\"elementor-button elementor-button-link elementor-size-md\" href=\"http:\/\/web-peda-iutb.univ-lille.fr\/~jpo\/index.php\/portraits-danciens\/\">\n\t\t\t\t\t\t<span class=\"elementor-button-content-wrapper\">\n\t\t\t\t\t\t\t\t\t<span class=\"elementor-button-text\">Retour<\/span>\n\t\t\t\t\t<\/span>\n\t\t\t\t\t<\/a>\n\t\t\t\t<\/div>\n\t\t\t\t\t\t\t\t<\/div>\n\t\t\t\t<\/div>\n\t\t\t\t\t<\/div>\n\t\t<\/div>\n\t\t\t\t\t<\/div>\n\t\t<\/section>\n\t\t\t\t<\/div>\n\t\t","protected":false},"excerpt":{"rendered":"<p>La V\u00e9rit\u00e9 sur Xavier, Directeur \u00c9v\u00e9nementiel Apr\u00e8s plus de dix ans de bons et loyaux services en tant que directeur \u00e9v\u00e9nementiel \u00e0 la mairie de Tourcoing, Xavier V\u00e9rit\u00e9 se lance dans un nouvelle aventure \u00e0 la mairie de Marquette-Lez-Lille. La rencontre avec Xavier V\u00e9rit\u00e9 s&rsquo;est faite un mardi, \u00e0 neuf heures pr\u00e9cise. Il vient d&rsquo;investir sa nouvelle fonction de directeur \u00e9v\u00e9nementiel pour la ville de Marquette-Lez-Lille et semble d\u00e9bord\u00e9. C&rsquo;est avec un caf\u00e9 \u00e0 la main que Xavier a bien voulu r\u00e9pondre \u00e0 certaines questions. L&rsquo;entretien sera interrompu plusieurs fois par des appels importants ou des personnes entrant dans son bureau. \u00ab\u00a0On est dans l&rsquo;attribution des subventions pour la ville de Marquette, je dois rencontrer une paire d&rsquo;associations, j&rsquo;ai un planning charg\u00e9\u00a0\u00bb.&nbsp;&nbsp; Une nouvelle opportunit\u00e9 Tout juste install\u00e9 \u00e0 son nouveau poste de travail, Xavier revient sur ses exp\u00e9riences pass\u00e9es.\u00a0Sortant d\u2019un bac ES, il int\u00e8gre l\u2019IUT pour un DUT information-communication en 1996. Son premier travail dans le monde professionnel en tant que charg\u00e9 de communication et de projets culturels \u00e0 la mairie de Faches-Thumesnil lui a permis de mettre en pratique les enseignements du DUT : relations presses, relations publiques, graphisme, r\u00e9alisation de documents de communication divers et la mise en place d\u2019outils num\u00e9riques.\u00a0Selon lui, le DUT lui a permis d\u2019\u00eatre embauch\u00e9 \u00e0 ce poste. \u00a0 Dix ans apr\u00e8s, il prend place \u00e0 la ville de Tourcoing o\u00f9 il passe les ann\u00e9es les plus intenses de sa vie. Chaque ann\u00e9e, il organise de A \u00e0 Z une centaine d&rsquo;\u00e9v\u00e9nements dont Tourcoing Plage, celui qu\u2019il pr\u00e9f\u00e8re et d\u00e9teste \u00e0 la fois, bien qu\u2019il avoue que ce soit un \u201clieu de vie absolument incroyable \u00e0 tous les niveaux\u201d. Aujourd\u2019hui et ce depuis quelques semaines, il occupe le poste de directeur \u00e9v\u00e9nementiel, sport et vie associative \u00e0 la Ville de Marquette-Lez-Lille: \u201cJ\u2019ai fait treize ans, presque quatorze ans \u00e0 Tourcoing, j\u2019avais fait le tour de la question et j\u2019avais envie d\u2019autres champs de comp\u00e9tence. Un des avantages de la fonction publique est que l\u2019on peut changer de m\u00e9tier ou de champs de comp\u00e9tence assez facilement.\u201d Cette nouvelle opportunit\u00e9 est l\u2019occasion pour lui de retrouver le c\u00f4t\u00e9 humain qu\u2019il appr\u00e9cie tant dans un territoire plus petit. Pr\u00eat pour cette nouvelle aventure, il avoue tout de m\u00eame devoir \u201cmettre les mains dans le cambouis\u201d concernant la th\u00e9matique des sports qui reste inconnue pour lui. \u00ab\u00a0Il y a pire comme destin que de travailler dans le culturel, l&rsquo;\u00e9v\u00e9nementiel ou sur le fait d&rsquo;animer un territoire\u00a0\u00bb. Sa devise : mettre l&rsquo;humain au centre Avant tout, travailler dans l\u2019e\u0301ve\u0301nementiel c\u2019est travailler avec l\u2019humain. Pour Xavier, son ro\u0302le est de \u201cfe\u0301de\u0301rer des moyens et des personnes autour d\u2019un me\u0302me projet et les emmener la\u0300 ou\u0300 ils n\u2019auraient pas force\u0301ment songe\u0301 a\u0300 e\u0302tre emmene\u0301\u201d car \u201csi on n&rsquo;arrive pas a\u0300 embarquer l\u2019humain au sens large du terme, rien n\u2019a de sens\u201d. Cet aspect est tre\u0300s symptomatique du me\u0301tier, le fait d\u2019investir l\u2019espace public pour rassembler des gens autour d&rsquo;un moment culturel ou festif. \u00a0 Malgre\u0301 son emploi du temps charge\u0301, Xavier investit beaucoup de son temps dans le domaine associatif et la culture. En effet, depuis trente ans, il occupe le poste de tre\u0301sorier d\u2019une association qui produit des courts me\u0301trages appele\u0301e \u201cMon film, ma bataille\u201d. \u00a0 Secre\u0301taire d\u2019une seconde association qui enregistre des groupes et fait des projets de production nomme\u0301e Studio Ka, le nouveau directeur e\u0301ve\u0301nementiel de Marquette-lez-Lille permet un acce\u0300s aux activite\u0301s culturelles de par son engagement. Musicien, papa et adepte de culture, il met en e\u0301vidence son besoin de s\u2019accorder du temps personnel avec un me\u0301tier aussi prenant. Selon lui, il faut \u201cme\u0301nager la che\u0300vre et le chou\u201d pour vivre sereinement en se\u0301parant ainsi vie personnelle et professionnelle. MARQUETTE-LEZ-LILLE, VILLE DE GRANDS PROJETS Situ\u00e9e \u00e0 cinq kilom\u00e8tres au nord de Lille, la commune de Marquette-lez-Lille se redessine et \u00e9volue en permanence en faisant ressortir son pass\u00e9 riche d\u2019histoire et de culture. P\u00f4le arch\u00e9ologique, ch\u00e2teaux de l\u2019industrie, centre culturel, ces diff\u00e9rents projets ont originellement une dimension politique, car cr\u00e9\u00e9 par les \u00e9lus avant d&rsquo;\u00eatre d\u00e9clin\u00e9s en actions par les agents de la Ville. Retour<\/p>\n","protected":false},"author":1,"featured_media":0,"parent":0,"menu_order":0,"comment_status":"closed","ping_status":"closed","template":"elementor_header_footer","meta":{"footnotes":""},"class_list":["post-1923","page","type-page","status-publish","hentry","entry"],"_links":{"self":[{"href":"http:\/\/web-peda-iutb.univ-lille.fr\/~jpo\/index.php\/wp-json\/wp\/v2\/pages\/1923","targetHints":{"allow":["GET"]}}],"collection":[{"href":"http:\/\/web-peda-iutb.univ-lille.fr\/~jpo\/index.php\/wp-json\/wp\/v2\/pages"}],"about":[{"href":"http:\/\/web-peda-iutb.univ-lille.fr\/~jpo\/index.php\/wp-json\/wp\/v2\/types\/page"}],"author":[{"embeddable":true,"href":"http:\/\/web-peda-iutb.univ-lille.fr\/~jpo\/index.php\/wp-json\/wp\/v2\/users\/1"}],"replies":[{"embeddable":true,"href":"http:\/\/web-peda-iutb.univ-lille.fr\/~jpo\/index.php\/wp-json\/wp\/v2\/comments?post=1923"}],"version-history":[{"count":51,"href":"http:\/\/web-peda-iutb.univ-lille.fr\/~jpo\/index.php\/wp-json\/wp\/v2\/pages\/1923\/revisions"}],"predecessor-version":[{"id":2541,"href":"http:\/\/web-peda-iutb.univ-lille.fr\/~jpo\/index.php\/wp-json\/wp\/v2\/pages\/1923\/revisions\/2541"}],"wp:attachment":[{"href":"http:\/\/web-peda-iutb.univ-lille.fr\/~jpo\/index.php\/wp-json\/wp\/v2\/media?parent=1923"}],"curies":[{"name":"wp","href":"https:\/\/api.w.org\/{rel}","templated":true}]}}